. Let o(k) = -49*k + 1. Let u be o(1). Let n = -43 - u. Calculate the highest common factor of n and a.
5
Let y(r) = 11*r + 7. Let i be y(11). Let n = i + -63. Suppose 2*a + 5 - n = 0. What is the highest common divisor of a and 20?
10
Let a be 8 + -1 + ((-28)/4 - -5). Suppose -15 = a*d, -3*w + 21 = -w + d. Calculate the highest common divisor of w and 24.
12
Let b(s) = -s - 11. Let i be b(-10). Let y be i*5/15*(-19 + -2). Calculate the highest common factor of 7 and y.
7
Let s = -1484 - -1587. Calculate the greatest common factor of s and 2575.
103
Let b(g) = 7*g**2 - 6*g**2 + 4*g + 0 + 2 + 3*g. Let x be b(-9). Calculate the greatest common factor of x and 8.
4
Suppose 4*r = 3*d + 791, -2*r - 10 + 404 = -2*d. Calculate the highest common divisor of r and 8.
8
Let w(y) = -y**3 + 9*y**2 - 6*y - 3. Let c be 8/(-36) + (-74)/(-9). Let q be w(c). What is the greatest common factor of q and 52?
13
Let d be (-364)/(-6) + 4/(-6). Let w be (7 - 5)/((-2)/(-39)). Let u = w - -51. What is the greatest common divisor of u and d?
30
Suppose 20*z - 19*z - 2 = 0. Suppose 7*q - z*q = 50. Suppose q = 5*w - 30. Calculate the greatest common divisor of 40 and w.
8
Let c(v) = v**3 - 11*v**2 - 63*v + 14. Let x be c(16). Calculate the highest common divisor of x and 77.
11
Suppose 0 = 4*w + 198 - 1058. What is the greatest common divisor of 43 and w?
43
Let s(x) = 8*x**2 + x + 1. Let q be s(-1). Let t be ((-81)/15 - -3)/(-2 - 274/(-140)). What is the highest common factor of q and t?
8
Let u be 105/(-14)*1/(10/(-48)). Calculate the greatest common factor of u and 96.
12
Let k(n) = -13*n - 5. Let y be k(-5). Suppose 2*p - 19 + 79 = 5*d, 4*d - 3*p = 48. What is the greatest common factor of y and d?
12
Let t(c) = 5*c**3 + 18*c**2 - 6*c - 21. Let a(u) = -u**3 + u. Let w(p) = 4*a(p) + t(p). Let i be w(-18). Calculate the highest common divisor of i and 75.
15
Suppose -35 = -3*n + u, -2*n + 5*u = n - 55. What is the highest common divisor of n and 1370?
10
Suppose 16*c = 6*c + 390. What is the greatest common divisor of 351 and c?
39
Let m(z) = -56*z - 335. Let l be m(-7). Calculate the highest common factor of 304 and l.
19
Suppose 40 = 2*f - 48. Suppose 0*a - 4*p - 24 = -2*a, -2*a - 12 = 5*p. Calculate the highest common factor of f and a.
4
Let b be 42/(-9)*(-9)/6. Calculate the highest common divisor of b and 3.
1
Suppose -3*u + 18 = -12. Suppose 57 = 5*r + m, -u - 37 = -5*r + 4*m. What is the greatest common factor of r and 99?
11
Let q(s) = -s. Let p(i) = 7*i + 11. Let l(a) = p(a) + 6*q(a). Let d be l(-6). Calculate the highest common divisor of d and 10.
5
Let u be 582/(-30) + 6/(-10). Let l be ((-6)/(-4))/((-10)/u). Suppose 3*o - l*b = 57, 2*o - 43 = -3*b + 6*b. Calculate the highest common factor of o and 21.
7
Let f(h) = 5*h**2 - 29*h + 67. Let k be f(6). What is the highest common divisor of k and 73?
73
Let j be 10/(-65) + (-14442)/(-78). Calculate the greatest common divisor of 5 and j.
5
Suppose -5*q = 2*y - 177, 0 = 3*y + 226*q - 231*q - 203. Calculate the greatest common factor of y and 8.
4
Suppose 42 + 8 = 5*k. Let l be 90/81*(-6)/(-5)*3. Calculate the greatest common factor of l and k.
2
Suppose 0 = -6*c + c + 105. Let p be (-24)/14 + 4/(-14). Let d be c*(4 + p - 1). What is the greatest common factor of 21 and d?
21
Suppose -4*l - 4*b + 288 = 0, l - 316 = -3*l + 3*b. What is the greatest common factor of 646 and l?
38
Let u be 2/((-1*1)/(-10)). Let t = -1259 + 1339. What is the highest common factor of u and t?
20
Let g = -83 + 198. Let p be ((-1)/(-2))/((-6)/(-552)). Calculate the greatest common divisor of p and g.
23
Let w = 179 + -35. Suppose 2*a + w = 4*m, 5*a - 13 = -2*m + 71. Let q = m - 10. Calculate the highest common divisor of 243 and q.
27
Suppose 15*o = 11*o + 12. Suppose -5*q - 5*z + 339 - 9 = 0, 5*q = -o*z + 336. Suppose -4*y + 90 = -2. What is the highest common divisor of y and q?
23
Suppose -5*n = -12 - 163. Let o = 662 - 657. Calculate the greatest common divisor of o and n.
5
Let w be 5 - (-1 + (-2)/(-1)). Suppose -432 = -w*u + u. Suppose p + p = 36. What is the greatest common divisor of p and u?
18
Suppose 9*h - 126 = 2*h. What is the highest common divisor of h and 30?
6
Suppose -4*f = -q + 100, 2*q = -0*q - 2*f + 150. Let c(s) = -s**3 - 10*s**2 + 10*s + 21. Let p be c(-11). Calculate the highest common divisor of q and p.
16
Let k = 76 + -4. Suppose -b + 2*b - 148 = -3*q, 4*q - 176 = 4*b. Calculate the highest common divisor of k and q.
24
Let u = 18 - -93. Suppose -3*j + 7*j - u = 3*b, -5*j + 3*b + 138 = 0. What is the greatest common factor of 3 and j?
3
Let x be 6 + 0 + (-1 - (3 - 6)). Suppose 0*f = 3*f - 96. What is the greatest common divisor of x and f?
8
Suppose -630 = -5*o + 5*x, 0*o - x - 378 = -3*o. Let f be 16*(o/8)/7. Suppose 49*i - 48*i = 24. What is the highest common divisor of i and f?
12
Let x = -5 + 1. Let p be 1*x/2 - -32. Let j be (-13)/(-273)*636 + (-4)/14. Calculate the greatest common divisor of j and p.
30
Suppose -5*h - 223 = -2*s - 4*h, 3*s + 2*h - 352 = 0. Suppose -13*o + s = -10*o. What is the greatest common divisor of o and 76?
38
Let k(j) be the third derivative of 1/120*j**6 + 0 + 0*j + 3*j**3 + 0*j**4 - 5*j**2 + 0*j**5. Let b be k(0). What is the highest common factor of 90 and b?
18
Let q(r) = -r**2 + 7*r + 55. Let y be q(11). Suppose 0 = -2*b - 4*u + 26, -3*b + 27 = 3*u - 9. What is the highest common factor of y and b?
11
Let u = -4507 - -4724. Suppose 0 = -q - q, -124 = -4*h - 3*q. Calculate the greatest common factor of u and h.
31
Let o(t) = -3*t**2 + 5*t. Let r be o(3). Let k be (-104)/(1*4/r). What is the highest common divisor of k and 39?
39
Suppose 0 = 2*w - 2*f - f - 13, -4*w + 3*f + 23 = 0. Let g = 7 + -3. Let a be 2/g*-1*-2. Calculate the greatest common factor of w and a.
1
Let l = -210 + 234. Calculate the highest common divisor of l and 60.
12
Suppose 0 = 3*c - 2*y - 3130, -3*y - 2770 = -3*c + 365. Calculate the greatest common divisor of 13 and c.
13
Suppose 16*b - 1089 - 111 = 0. Let f = 36 + 14. Calculate the greatest common divisor of b and f.
25
Let z = -33 - -31. Let c(j) = -45*j - 2. Let q be c(z). Calculate the greatest common divisor of 8 and q.
8
Suppose -3*u = -5*q + 125, -2*q + 3*q + 4*u - 48 = 0. Let v = 245 - 119. Calculate the highest common divisor of q and v.
14
Suppose 45*m - 40*m - 1175 = 0. Suppose -2*g - m = -5*n - 4, 4*n - 177 = -g. What is the greatest common divisor of n and 30?
15
Let o = 33 + -14. Suppose -2*b + o = 1. Let n be 666/10 - b/15. What is the greatest common divisor of n and 6?
6
Suppose 5*n - 2*s = 79, -12 - 8 = -n - s. Let b = n - -18. Calculate the greatest common divisor of b and 5.
5
Suppose 3*h + 4*c = c + 255, h = 5*c + 115. Suppose -836*b - 836*b = -1679*b + 126. Calculate the greatest common divisor of b and h.
18
Suppose 0 = -4*p + 1 + 11. Suppose m = -p*m + 12. Suppose -r - m*r + 272 = 0. What is the highest common factor of r and 17?
17
Let i(f) be the second derivative of 3*f**5/20 - f**4/4 + f**3/2 + f**2 - 4*f. Let b be i(2). Calculate the greatest common divisor of b and 5.
5
Let v = 14 - 14. Let p be (-2 - v)*(-225)/10. Let f = -11 + 16. What is the highest common factor of f and p?
5
Let t = -36 + 34. Let r be t + 4/1 - -7. What is the greatest common factor of 99 and r?
9
Suppose 28*t - 45*t = -476. Let v be (6/7)/(-2 - (-57)/t). Let m be (-66)/(-8) + (-2)/8. Calculate the highest common divisor of m and v.
8
Let k(t) = 3*t - 18. Let u be k(6). Let l be (-6)/9 - u - (-384)/9. Calculate the greatest common divisor of l and 28.
14
Let r(f) = -10*f - 3. Let p be r(-1). Suppose p*b - 4*b = 0. Suppose k - 13 + b = 0. Calculate the greatest common factor of 143 and k.
13
Let a = 716 - 443. What is the greatest common divisor of 39 and a?
39
Let h(d) = 58*d - 335. Let k be h(7). What is the greatest common factor of 355 and k?
71
Suppose 5*d - 16 + 1 = 0, a + 4*d = 23. Let f be (1*-1)/(1/(-11)). What is the highest common divisor of f and a?
11
Let y(z) = -2*z + 6*z + 20 - 4*z - 3*z. Let f be y(14). Let r be 30/(-165) - 2424/f. What is the highest common divisor of 22 and r?
22
Let p(w) = w**3 + 8*w**2 - 8*w + 13. Let i be p(-9). Suppose -m = 5*o - 11, -i*o - 6 + 14 = 0. Calculate the greatest common factor of 8 and m.
1
Sup